3.
439
What is the remainder when 28653 is divided by 502?
39
What is the remainder when 366 is divided by 75?
66
What is the remainder when 71795 is divided by 96?
83
Calculate the remainder when 2985 is divided by 95.
40
Calculate the remainder when 12588 is divided by 6242.
104
Calculate the remainder when 816281 is divided by 15.
11
What is the remainder when 74779 is divided by 41?
36
What is the remainder when 1469 is divided by 110?
39
What is the remainder when 2761 is divided by 353?
290
Calculate the remainder when 3449 is divided by 784.
313
Calculate the remainder when 28664 is divided by 245.
244
What is the remainder when 112246 is divided by 693?
673
What is the remainder when 45080 is divided by 45042?
38
What is the remainder when 18215 is divided by 414?
413
What is the remainder when 6415 is divided by 124?
91
What is the remainder when 172220 is divided by 76?
4
What is the remainder when 10781 is divided by 870?
341
Calculate the remainder when 54119 is divided by 440.
439
Calculate the remainder when 108467 is divided by 10845.
17
Calculate the remainder when 127644 is divided by 6382.
4
Calculate the remainder when 81873 is divided by 456.
249
What is the remainder when 3841 is divided by 773?
749
What is the remainder when 3939 is divided by 3841?
98
What is the remainder when 4016 is divided by 875?
516
Calculate the remainder when 1441 is divided by 41.
6
What is the remainder when 728977 is divided by 574?
571
What is the remainder when 72513 is divided by 756?
693
Calculate the remainder when 30895 is divided by 110.
95
What is the remainder when 3749 is divided by 3?
2
What is the remainder when 373630 is divided by 8?
6
Calculate the remainder when 510 is divided by 31.
14
Calculate the remainder when 8615 is divided by 783.
2
What is the remainder when 1438 is divided by 106?
60
What is the remainder when 21873 is divided by 777?
117
What is the remainder when 340713 is divided by 1099?
23
What is the remainder when 3127 is divided by 522?
517
Calculate the remainder when 70286 is divided by 51.
8
Calculate the remainder when 6417 is divided by 169.
164
What is the remainder when 120371 is divided by 198?
185
What is the remainder when 7525 is divided by 94?
5
What is the remainder when 2206 is divided by 332?
214
What is the remainder when 51209 is divided by 124?
121
What is the remainder when 1159927 is divided by 154?
153
What is the remainder when 2568710 is divided by 633?
629
Calculate the remainder when 328710 is divided by 47.
39
Calculate the remainder when 7288 is divided by 338.
190
What is the remainder when 474260 is divided by 42?
38
What is the remainder when 6189 is divided by 870?
99
What is the remainder when 13668 is divided by 2733?
3
Calculate the remainder when 47777 is divided by 5964.
65
Calculate the remainder when 20986 is divided by 150.
136
Calculate the remainder when 17170 is divided by 4278.
58
What is the remainder when 64097 is divided by 131?
38
What is the remainder when 207149 is divided by 88?
85
Calculate the remainder when 82949 is divided by 474.
473
What is the remainder when 125542 is divided by 125538?
4
What is the remainder when 74119 is divided by 904?
895
Calculate the remainder when 76104 is divided by 155.
154
Calculate the remainder when 152313 is divided by 35.
28
Calculate the remainder when 10544 is divided by 5152.
240
What is the remainder when 87489 is divided by 43741?
7
What is the remainder when 181267 is divided by 28?
23
What is the remainder when 2482683 is divided by 104?
99
Calculate the remainder when 1854 is divided by 122.
24
What is the remainder when 237241 is divided by 204?
193
Calculate the remainder when 5220 is divided by 1676.
192
Calculate the remainder when 98329 is divided by 247.
23
Calculate the remainder when 196690 is divided by 12.
10
Calculate the remainder when 7896 is divided by 20.
16
Calculate the remainder when 96 is divided by 77.
19
Calculate the remainder when 394224 is divided by 110.
94
Calculate the remainder when 715638 is divided by 10681.
11
Calculate the remainder when 61501 is divided by 29.
21
Calculate the remainder when 1216 is divided by 240.
16
Calculate the remainder when 2104376 is divided by 15.
11
Calculate the remainder when 2092883 is divided by 23.
21
Calculate the remainder when 6432414 is divided by 11.
10
What is the remainder when 2291 is divided by 1153?
1138
What is the remainder when 28288 is divided by 30?
28
Calculate the remainder when 1545 is divided by 677.
191
What is the remainder when 1247848 is divided by 83?
26
What is the remainder when 23626 is divided by 464?
426
Calculate the remainder when 2915 is divided by 66.
11
Calculate the remainder when 106653 is divided by 3.
0
What is the remainder when 5498 is divided by 106?
92
Calculate the remainder when 321 is divided by 7.
6
What is the remainder when 28508 is divided by 294?
284
Calculate the remainder when 4221 is divided by 127.
30
What is the remainder when 10435 is divided by 5105?
225
Calculate the remainder when 31601 is divided by 15728.
145
Calculate the remainder when 410295 is divided by 122.
9
Calculate the remainder when 381 is divided by 345.
36
What is the remainder when 65292 is divided by 5?
2
What is the remainder when 7094 is divided by 793?
750
What is the remainder when 97972 is divided by 97954?
18
What is the remainder when 2384 is divided by 99?
8
What is the remainder when 109234 is divided by 581?
6
What is the remainder when 6266 is divided by 571?
556
What is the remainder when 11350 is divided by 132?
130
What is the remainder when 67246 is divided by 67245?
1
What is the remainder when 50668 is divided by 8440?
28
What is the remainder when 766 is divided by 73?
36
Calculate the remainder when 2146 is divided by 109.
75
What is the remainder when 1444061 is divided by 18?
11
What is the remainder when 3932 is divided by 3907?
25
Calculate the remainder when 591551 is divided by 72.
71
What is the remainder when 545135 is divided by 1124?
1119
Calculate the remainder when 5929282 is divided by 12.
10
What is the remainder when 500319 is divided by 265?
264
Calculate the remainder when 2160 is divided by 452.
352
What is the remainder when 2281 is divided by 483?
349
Calculate the remainder when 33455 is divided by 31.
6
Calculate the remainder when 1592074 is divided by 181.
179
Calculate the remainder when 53755 is divided by 20.
15
What is the remainder when 44725 is divided by 426?
421
What is the remainder when 31194 is divided by 821?
817
What is the remainder when 1990 is divided by 610?
160
What is the remainder when 79327 is divided by 7?
3
Calculate the remainder when 2183 is divided by 545.
3
What is the remainder when 610775 is divided by 1996?
1995
What is the remainder when 4256 is divided by 49?
42
Calculate the remainder when 973593 is divided by 13.
10
What is the remainder when 7090 is divided by 17?
1
Calculate the remainder when 3080 is divided by 2464.
616
Calculate the remainder when 49338 is divided by 72.
18
Calculate the remainder when 3341 is divided by 73.
56
Calculate the remainder when 1458730 is divided by 33.
31
What is the remainder when 55797 is divided by 733?
89
Calculate the remainder when 547 is divided by 77.
8
Calculate the remainder when 162397 is divided by 12.
1
What is the remainder when 6650 is divided by 232?
154
Calculate the remainder when 145930 is divided by 36482.
2
What is the remainder when 40539 is divided by 107?
93
Calculate the remainder when 14925 is divided by 427.
407
Calculate the remainder when 16308 is divided by 355.
333
Calculate the remainder when 10041 is divided by 189.
24
Calculate the remainder when 40221 is divided by 592.
557
Calculate the remainder when 14511 is divided by 363.
354
What is the remainder when 1110434 is divided by 409?
408
Calculate the remainder when 24442 is divided by 19.
8
Calculate the remainder when 175416 is divided by 35.
31
What is the remainder when 102910 is divided by 91?
80
Calculate the remainder when 37144 is divided by 18552.
40
Calculate the remainder when 21378 is divided by 3562.
6
Calculate the remainder when 1856190 is divided by 299.
297
What is the remainder when 154173 is divided by 12?
9
W